t of 1713?
1
What is the units digit of 591?
1
What is the thousands digit of 44027?
4
What is the hundreds digit of 17197?
1
What is the units digit of 77928?
8
What is the hundreds digit of 3834?
8
What is the tens digit of 3319?
1
What is the hundreds digit of 2209?
2
What is the tens digit of 6490?
9
What is the hundreds digit of 2486?
4
What is the ten thousands digit of 47062?
4
What is the units digit of 904?
4
What is the units digit of 1098?
8
What is the tens digit of 368?
6
What is the ten thousands digit of 25044?
2
What is the tens digit of 339?
3
What is the thousands digit of 10137?
0
What is the thousands digit of 1788?
1
What is the thousands digit of 50537?
0
What is the hundreds digit of 75892?
8
What is the tens digit of 22296?
9
What is the tens digit of 1303?
0
What is the tens digit of 1886?
8
What is the tens digit of 865?
6
What is the tens digit of 3970?
7
What is the hundreds digit of 194?
1
What is the hundreds digit of 185?
1
What is the hundreds digit of 811?
8
What is the tens digit of 106923?
2
What is the units digit of 504?
4
What is the thousands digit of 6743?
6
What is the tens digit of 4223?
2
What is the hundreds digit of 435?
4
What is the units digit of 9982?
2
What is the thousands digit of 3256?
3
What is the thousands digit of 23472?
3
What is the tens digit of 21019?
1
What is the units digit of 9890?
0
What is the ten thousands digit of 25020?
2
What is the tens digit of 2612?
1
What is the hundreds digit of 724?
7
What is the units digit of 116?
6
What is the tens digit of 2618?
1
What is the units digit of 1?
1
What is the units digit of 952?
2
What is the tens digit of 59712?
1
What is the tens digit of 6579?
7
What is the units digit of 3591?
1
What is the units digit of 4487?
7
What is the hundreds digit of 169?
1
What is the tens digit of 1301?
0
What is the hundreds digit of 26722?
7
What is the tens digit of 33?
3
What is the tens digit of 10816?
1
What is the tens digit of 350?
5
What is the ten thousands digit of 19750?
1
What is the hundreds digit of 3267?
2
What is the tens digit of 1206?
0
What is the tens digit of 27702?
0
What is the units digit of 12461?
1
What is the tens digit of 41328?
2
What is the hundreds digit of 1892?
8
What is the tens digit of 929?
2
What is the thousands digit of 3125?
3
What is the tens digit of 20?
2
What is the ten thousands digit of 39736?
3
What is the tens digit of 1206?
0
What is the units digit of 101?
1
What is the thousands digit of 3857?
3
What is the units digit of 69467?
7
What is the thousands digit of 1533?
1
What is the hundreds digit of 44436?
4
What is the thousands digit of 1337?
1
What is the ten thousands digit of 15564?
1
What is the thousands digit of 1111?
1
What is the units digit of 2758?
8
What is the units digit of 169297?
7
What is the hundreds digit of 36634?
6
What is the hundreds digit of 824?
8
What is the units digit of 3636?
6
What is the thousands digit of 27137?
7
What is the units digit of 22930?
0
What is the tens digit of 1113?
1
What is the hundreds digit of 14288?
2
What is the units digit of 305?
5
What is the tens digit of 14074?
7
What is the thousands digit of 8872?
8
What is the hundred thousands digit of 103596?
1
What is the units digit of 3071?
1
What is the tens digit of 12315?
1
What is the units digit of 9094?
4
What is the units digit of 34774?
4
What is the tens digit of 20568?
6
What is the tens digit of 36394?
9
What is the tens digit of 21189?
8
What is the thousands digit of 1461?
1
What is the ten thousands digit of 24196?
2
What is the units digit of 439?
9
What is the thousands digit of 5841?
5
What is the thousands digit of 2179?
2
What is the thousands digit of 8629?
8
What is the units digit of 53718?
8
What is the thousands digit of 19847?
9
What is the tens digit of 147748?
4
What is the ten thousands digit of 15305?
1
What is the ten thousands digit of 14197?
1
What is the thousands digit of 1643?
1
What is the tens digit of 1975?
7
What is the tens digit of 339?
3
What is the tens digit of 9865?
6
What is the units digit of 2636?
6
What is the tens digit of 569?
6
What is the hundreds digit of 3936?
9
What is the tens digit of 6235?
3
What is the tens digit of 676?
7
What is the thousands digit of 6744?
6
What is the thousands digit of 13307?
3
What is the hundreds digit of 10911?
9
What is the thousands digit of 2641?
2
What is the tens digit of 5170?
7
What is the hundreds digit of 31059?
0
What is the thousands digit of 26044?
6
What is the hundreds digit of 557?
5
What is the tens digit of 52322?
2
What is the tens digit of 367?
6
What is the ten thousands digit of 21785?
2
What is the tens digit of 3021?
2
What is the units digit of 57992?
2
What is the units digit of 3915?
5
What is the thousands digit of 7416?
7
What is the thousands digit of 7735?
7
What is the hundreds digit of 23811?
8
What is the ten thousands digit of 64070?
6
What is the hundreds digit of 4670?
6
What is the hundreds digit of 55501?
5
What is the units digit of 2758?
8
What is the tens digit of 4357?
5
What is the tens digit of 27084?
8
What is the tens digit of 9060?
6
What is the tens digit of 1203?
0
What is the units digit of 351?
1
What is the tens digit of 97233?
3
What is the units digit of 4?
4
What is the ten thousands digit of 108625?
0
What is the hundreds digit of 1151?
1
What is the hundreds digit of 5891?
8
What is the tens digit of 10684?
8
What is the ten thousands digit of 35867?
3
What is the tens digit of 1615?
1
What is the tens digit of 74924?
2
What is the hundreds digit of 59459?
4
What is the units digit of 4866?
6
What is the hundreds digit of 11184?
1
What is the units digit of 2011?
1
What is the ten thousands digit of 25718?
2
What is the tens digit of 7448?
4
What is the hundreds digit of 4990?
9
What is the tens digit of 57874?
7
What is the hundreds digit of 169411?
4
What is the thousands digit of 19586?
9
What is the tens digit of 54403?
0
What is the tens digit of 12?
1
What is the thousands digit of 5195?
5
What is the units digit of 934?
4
What is the tens digit of 19815?
1
What is the tens digit of 394?
9
What is the hundreds digit of 764?
7
What is the hundreds digit of 591?
5
What is the units digit of 4832?
2
What is the units digit of 34020?
0
What is the units digit of 878?
8
What is the ten thousands digit of 30472?
3
What is the thousands digit of 60819?
0
What is the hundreds digit of 4675?
6
What is the tens digit of 1553?
5
What is the thousands digit of 1531?
1
What is the hundreds digit of 2975?
9
What is the units digit of 31744?
4
What is the tens digit of 1826?
2
What is the thousands digit of 122237?
2
What is the tens digit of 40936?
3
What is the ten thousands digit of 21317?
2
What is the units digit of 3239?
9
What is the tens digit of 2265?
6
What is the hundreds digit of 1180?
1
What is the units digit of 127?
7
What is the hundreds digit of 262?
2
What is the units digit of 4102?
2
What is the ten thousands digit of 15722?
1
What is the tens digit of 1639?
3
What is the units digit of 5960?
0
What is the tens digit of 8316?
1
What is the thousands digit of 11817?
1
What is the hundreds digit of 1971?
9
What is the ten thousands digit of 17105?
1
What is the tens digit of 122?
2
What is the hundreds digit of 3884?
8
What is the units digit of 1164?
4
What is the units digit of 7441?
1
What is the units digit of 45687?
7
What is the ten thousands digit of 26063?
2
What is the units digit of 193?
3
What is the tens digit of 64?
6
What is the thousands digit of 1305?
1
What is the hundreds digit of 22186?
1
What is the thousands digit of 19795?
9
What is the units digit of 10663?
3
What is the tens digit of 11456?
5
What is the units digit of 3804?
4
What is the hundreds digit of 121?
1
What is the ten thousands digit of 16930?
1
What is the thousands digit of 6275?
6
What is the tens digit of 24671?
7
What is the units digit of 42960?
0
What is the tens digit of 2429?
2
What is the units digit of 700?
0
What is the tens digit of 405?
0
What is the thousands digit of 2227?
2
What is the ten thousands digit of 99906?
9
What is the tens digit of 11049?
4
What is the hundreds digit of 450?
4
What is the hundreds digit of 287?
2
What is the tens digit 